nder when j is divided by 11?
9
Let q(v) = -v**3 - 6*v**2 - 4*v + 3. Let l(g) = g**3 - 34*g**2 - 46*g - 831. What is the remainder when l(36) is divided by q(-6)?
24
Let q(x) = 153*x - 989. Calculate the remainder when 896 is divided by q(7).
76
Let n(w) = 5*w + 6. Let h(a) = -a + 1. Let o(k) = 4*h(k) + n(k). Suppose 13 + 131 = 3*q. What is the remainder when q is divided by o(7)?
14
Let n = -2 - -2. Let k(c) = -2*c**2 + 67*c + 6. Calculate the remainder when k(33) is divided by (-11)/(-1) + n + -1.
9
Let a(h) = -81*h - 1941. What is the remainder when (-104)/(-10) + (-4)/10 is divided by a(-24)?
1
Suppose 9*d - 4*i = 11*d, -2*i = 8. Let y(l) = -6*l - 4. Calculate the remainder when y(-3) is divided by d.
6
Suppose -3*c + c = -8. Suppose 5*v + 10*k - 390 = 5*k, -307 = -c*v + k. Calculate the remainder when v is divided by 27.
23
Suppose -94 = -5*r - 2*m, 12*m - 31 = -3*r + 47. Calculate the remainder when r is divided by 7/((1*-3)/(-3)).
4
Let k be -2*(-4)/8*13. Suppose 0 = 4*v + 3*d - 52, 1 = -3*d + k. What is the remainder when 39 is divided by v?
9
Suppose -5*n + 0*n - 5*u + 15 = 0, -5*n + 25 = -5*u. Suppose f - 138 = -5*t - 48, 377 = n*f + 3*t. Calculate the remainder when f is divided by 24.
23
Let w(n) = n**2 + n - 1. Let h = -3 + 0. Let d be w(h). Calculate the remainder when 7 is divided by (-2 - -3)*d*1.
2
Let t = -144 + 204. Calculate the remainder when t is divided by 17.
9
Let z = 163 - 102. Let a(d) = -d**3 - 5*d**2 - 8*d. Suppose -4 = -16*v + 17*v. What is the remainder when z is divided by a(v)?
13
Suppose 0 = 5*h - 3*h + 2*l - 146, 2*l - 8 = 0. Calculate the remainder when 273 is divided by h.
66
What is the remainder when 70 is divided by 19/((-2 - -3)*1)?
13
Let o be 2/(-1) + 25/5. Let r(j) = -j**3 + 5*j**2 + 1. Calculate the remainder when 55 is divided by r(o).
17
Suppose -4*v - 230 = -4*a - 5*v, -3*a + 5*v + 184 = 0. What is the remainder when 347 is divided by a?
57
Suppose 3*p + 3*n - 36 = 0, -35 = -3*p - 2*n + 1. Suppose 5*f = 2*f + p. Let w = 15 - f. Calculate the remainder when w is divided by 4.
3
Suppose -2*n + 260 = 5*z, -17*z + 13*z + 196 = 4*n. Calculate the remainder when 92 is divided by z.
38
Suppose -4*z - 4*u = -48, -5*z + 3*u = 4*u - 48. Let m be (1 + -9)*(17 - 13). Let t = m - -56. Calculate the remainder when t is divided by z.
6
Let q = -126 - -147. What is the remainder when q is divided by 8?
5
Suppose -110*c = -115*c + 135. Suppose -208 = -4*j - 0*j. What is the remainder when j is divided by c?
25
Let i(r) be the third derivative of r**5/6 + r**4/24 - 17*r**3/6 + 16*r**2. Calculate the remainder when i(-4) is divided by 47.
45
Let d(t) = 244*t**3 - t + 2. Let u be d(1). Let i = u + -139. Calculate the remainder when i is divided by 36.
34
Let v = 206 + -105. What is the remainder when v is divided by 51?
50
Suppose 469 = 5*i + 3*o, 4*i - 4*o = -0*o + 356. Suppose 0 = -4*y + 2*r + i, y = 2*r + 30 - 4. What is the remainder when 55 is divided by y?
11
Let g be (-4 - (-4)/2) + 2. Suppose u + u = g. Suppose -3*s - 2*s + 150 = u. What is the remainder when s is divided by 8?
6
Let s(f) = f**2 + 13*f + 16. Let w be s(-10). Let p = 30 + w. What is the remainder when 60 is divided by p?
12
Let r = 82 - 32. Let y = -48 + 30. Let b = -5 - y. What is the remainder when r is divided by b?
11
Suppose -4*x - 8 = -3*k, 3 = -k + 5*x - 9. Suppose -l + 49 + k = 0. Let a(p) = 2*p**2 - 7*p. Calculate the remainder when l is divided by a(5).
12
Suppose 0 = 8*m - 4*m - 16. Let h be ((-3)/m)/((-6)/16). Calculate the remainder when 56 is divided by (-1 - h)/3 - -16.
11
Let m = 74 - 54. Calculate the remainder when 2096/m + 5/25 is divided by 18.
15
Let q be 2/(3 + -1) - (-234)/1. Suppose 21 = 4*a - q. Calculate the remainder when a is divided by 13.
12
Suppose -4*t + 5 + 11 = 0. Suppose -11*r + 10 = -6*r. Suppose -3*k = 4*n + k - 16, r*n - 6 = -k. What is the remainder when t is divided by n?
0
Let y(u) = -u**2 + 4*u + 232. Calculate the remainder when y(-10) is divided by 39.
14
Suppose 0 = -5*j + 730 - 230. Calculate the remainder when j is divided by 51.
49
Suppose -769*h + 558 = -751*h. Calculate the remainder when 86 is divided by h.
24
Let h = 44 - 22. Let i(w) = 4*w**2 - 3*w + 2. Let p(j) = -j**3 + 6*j**2 + 7*j + 5. Let q be p(7). Calculate the remainder when i(q) is divided by h.
21
Suppose 11*h - 576 = 3*h. Suppose j = 7*j - h. What is the remainder when 46 is divided by j?
10
Let q = 32 - 22. Let h = 9 - q. Calculate the remainder when 28*h*(-26)/8 is divided by 23.
22
Let q = 2 + 88. Suppose 0 = -5*u - 4*k + 218, 3*k = -5*u + 3*u + q. What is the remainder when 81 is divided by u?
39
Suppose 3*o + 21 = 4*o. Let s be (220/(-15))/(((-2)/3)/2). Let z = s - o. Calculate the remainder when z is divided by 8.
7
Let s(x) = 2*x - 31. Let b be s(10). Let p(v) = -v**3 - 10*v**2 - v + 11. Calculate the remainder when p(b) is divided by 24.
23
Let a = -959 - -1227. What is the remainder when a is divided by 21?
16
Suppose q - 58 = -4*c, -c + 13 = -0*c + q. Suppose -3*i = -2*i + 6. Calculate the remainder when c is divided by ((-20)/i - 3)*27.
6
Suppose -3*p - 107 = -296. Calculate the remainder when p is divided by 32.
31
Let v(h) = 4*h + 128. Calculate the remainder when 63 is divided by v(-24).
31
Let l be (-11)/(-5) + (-9)/45. Let u = 6 + -4. Suppose 5*r + 55 = l*n, -u*r + 30 = n + 7. Calculate the remainder when 97 is divided by n.
22
Let j = 13 - 27. Let t = 25 + j. Suppose -19*o = -578 - 201. Calculate the remainder when o is divided by t.
8
Let a(t) = -4*t - 3. Let m be a(-15). Let s = m - -5. Suppose -3*b + 0*b - 3*g = -72, -18 = -b + g. What is the remainder when s is divided by b?
20
Suppose 0 = -5*j - 2*l + 336, 8 = -3*l + 2. Suppose 8*m - 17*m = -315. Calculate the remainder when j is divided by m.
33
Let x = -467 + 561. What is the remainder when 375 is divided by x?
93
Let b(m) = m**2 - 23*m + 67. What is the remainder when b(0) is divided by 27?
13
Let p = -13 - -15. Suppose 7 = -p*n - 1. Let y(g) = g**2 + g - 6. Calculate the remainder when 22 is divided by y(n).
4
Let b = 0 - -4. Let a(p) = -p**2 + 31*p + 120. Calculate the remainder when a(34) is divided by b.
2
Suppose 28*l + 116 = 30*l. Calculate the remainder when 172 is divided by l.
56
Let k(f) = -f**2 + 8*f + 3. Let q be k(6). Let j = -16 + q. What is the remainder when 83 is divided by -2 - (-21 - (1 - j))?
20
Suppose -42*z + 22582 = -37226. Calculate the remainder when z is divided by 15.
14
Suppose 2*b + 10 = -4*q, 4*b + 20 = -5*q - 0*q. Suppose 3*a + q*a = 147. Calculate the remainder when a is divided by 0 + 2 - -15*(-1)/(-1).
15
Let w = 68 + -63. Calculate the remainder when 29 is divided by w.
4
Let o be (4 - 3)/((-1)/(-12)). Suppose o*w - 132 = w. Suppose -3*q + 34 = 2*x, -2*x - 2*x = -4*q - 88. What is the remainder when x is divided by w?
8
Suppose -5*d + 4*m + m + 300 = 0, 4*d - 235 = -m. Let t = 67 - d. Calculate the remainder when 13 is divided by t.
5
Let y(a) = 15*a - 100. Calculate the remainder when 208 is divided by y(9).
33
Let a = -5 + 14. What is the remainder when 126 is divided by (a/18)/((-1)/(-64))?
30
Suppose 3*n + n = -4*x + 44, 0 = 2*x + n - 22. What is the remainder when (4 - -1)*(2 + 2) is divided by x?
9
Suppose -6 = -4*z - 14. Let t be z/9 + (-679)/63. Calculate the remainder when t/(-11) - (0 - 1) is divided by 1.
0
Calculate the remainder when 215 is divided by 7533/405 + (-3)/5.
17
Suppose 0 = -5*m + 107 + 48. Calculate the remainder when m is divided by 21.
10
Suppose 0 = -b + i + 4 + 8, 3*i + 21 = 2*b. Suppose -p - v + b = -5*v, -2*v = -3*p + 65. Calculate the remainder when p is divided by 12.
11
Suppose 5*p = 167 - 7. What is the remainder when 31 is divided by 5*(-2)/(-20)*p?
15
Suppose 12*w - 252 = 120. Calculate the remainder when 140 is divided by w.
16
Let u = 175 - 125. Suppose 2*y = 4*x - 44, 4*x - u = -0*y - y. What is the remainder when 33 is divided by x?
9
Suppose k - 2*m - 849 = -4*k, 3*m = -3*k + 522. Suppose -k = t - 4*t. Calculate the remainder when t is divided by 12.
9
What is the remainder when (3/(9/14))/((-4)/(-84)) is divided by 10?
8
Let l(h) = -h**2 - 8*h + 7. Let p be l(-9). What is the remainder when 25 is divided by (104/24)/(p/(-6))?
12
Suppose 4*h = -4*m + 628, -m = m + 4*h - 306.